(2/6)?
8
What is the remainder when (4/(-24)*2)/(1/(-981)) is divided by 41?
40
Let m(q) = q - 2. Let i be m(3). Suppose a + 42 = 3*v, 2*v - 28 = -a + 3*a. Calculate the remainder when 465/12 + i/4 is divided by v.
11
Suppose -93*t + 2048 + 1486 = 0. Calculate the remainder when 301 is divided by t.
35
Let f(w) = -w**3 + 6*w**2 - 6*w + 2. Let p be f(2). Suppose -196 + p = -5*h. Calculate the remainder when h is divided by 13.
12
Suppose 3*p = -0*p - 3*o + 228, 0 = p - 4*o - 81. Calculate the remainder when 537 is divided by p.
75
Let v = 78 + -1. Suppose -37*n - 2*q - 80 = -42*n, n - q - 16 = 0. What is the remainder when v is divided by n?
13
Let q(b) be the first derivative of b**3/3 - 7*b**2/2 + 7*b - 31. Let v(r) = -r**2 + 8*r + 1. Calculate the remainder when v(6) is divided by q(7).
6
Let l = 8 + -8. Suppose l = 4*m - 5*q - 71, 4*m - 5 = q + 54. Suppose -10 = -4*o + 154. What is the remainder when o is divided by m?
13
Let j = -1351 + 1616. What is the remainder when j is divided by 122?
21
Suppose -5*p = -10, 4*d + 5*p = 6*p + 154. What is the remainder when 106 is divided by d?
28
Let a(m) be the first derivative of m**4/4 + m**3/3 + m**2/2 + 62*m + 6. Calculate the remainder when a(0) is divided by 22.
18
Suppose 3*m + 2*m = 5*f + 915, 0 = -2*f - 6. Calculate the remainder when 8 is divided by 1/9 - (-880)/m.
3
Suppose -6*g = -3*g - 12. Suppose 47 = -g*i + 5*i. What is the remainder when i is divided by 17?
13
Let b = 43 - 79. Calculate the remainder when 28 is divided by 8/b - (-101)/9.
6
Suppose 2 = 4*u - 18, -4*u = -3*o + 292. Calculate the remainder when o is divided by 25.
4
Suppose 76 = 5*y - 344. Let v = -27 + y. What is the remainder when v is divided by 15?
12
What is the remainder when (-165)/(-66)*(-924)/(-10) is divided by 58?
57
Let y(l) = -l**2 + 8*l + 5. Let w be (6/4)/(15/70). Let h be y(w). Let z = 19 - h. Calculate the remainder when 19 is divided by z.
5
Let g = -28 - -23. Let a(o) = 2*o**2 + 10*o + 6. What is the remainder when 22 is divided by a(g)?
4
Let f(w) = -2*w**2 + 13*w + 1. Let i be f(6). Suppose 6*n + 9 = i*n. What is the remainder when 52 is divided by n?
7
Let f(n) = -n**2 + 16*n + 5. Let x = 26 - 19. What is the remainder when f(x) is divided by 23?
22
Let j(k) = 8*k**3 + k**2. Let q be j(1). What is the remainder when (q/(-5))/(4/(-100)) is divided by 46/4 + (-4)/(-8)?
9
Suppose -t + 7 - 4 = 0. Suppose -2*c + t*d + 15 = 0, c = 6*c - d - 31. Calculate the remainder when 9 is divided by c.
3
Suppose 2*m - 315 = -3*m. Suppose 4*y + w - 90 = 0, 3*y - 2*y - 32 = -5*w. What is the remainder when m is divided by y?
19
Suppose -6 - 1 = -c. Let a = -6 + 7. What is the remainder when 0 + 2 - (-10 + a) is divided by c?
4
Suppose 2*k = -9*q + 5*q + 66, 0 = 2*q - k - 23. Let f(n) = 15*n**2 - 3*n. Calculate the remainder when f(2) is divided by q.
12
Suppose -10 = -5*j + 3*j, 4*j = -t + 20. What is the remainder when 43 - (t - (-4 - (0 + -2))) is divided by 9?
5
Suppose 6 - 24 = -3*r. Suppose 3*j - r*j = -12. What is the remainder when 28 is divided by 5*j*(-12)/(-16)?
13
Let d = -1122 + 1135. What is the remainder when 166 is divided by d?
10
Suppose -6 = 2*g - 20. What is the remainder when 11 is divided by (-560)/(-98) + 2/g?
5
Let z(n) = 3*n**2 - 8*n + 16. Let d = 156 - 152. Let f = 9 - -8. Calculate the remainder when z(d) is divided by f.
15
Let f(y) = y**2 - 41*y + 12. What is the remainder when 153 is divided by f(0)?
9
Suppose 0 = 7*h - 250 - 422. Let l = h - 66. What is the remainder when l is divided by 9?
3
Let z = 6 - 2. Suppose -4*m - 59 = z*y - 235, -3*y = -5*m - 156. Suppose -6 = 5*a - 8*a + 4*i, 2*a + i = 26. What is the remainder when y is divided by a?
7
Let i = 15 - 13. Suppose -i*w = 4 - 12. Suppose 0 = -w*y + 11 + 109. What is the remainder when 117 is divided by y?
27
Let x(l) = -2*l + 37. Let h be (-3)/((-2)/(-3)*(-7)/14). Calculate the remainder when x(h) is divided by 9.
1
Let j(a) = a**3 - 14*a**2 + 13*a + 3. Let m be j(13). Let f be (m - 0)*10/6. Suppose 24 - 104 = -f*k. Calculate the remainder when k is divided by 9.
7
Suppose -5*o = -5 + 15. What is the remainder when 19 is divided by 231/22 - o/(-4)?
9
Let r = -169 - -337. Calculate the remainder when r is divided by 158.
10
Let h = 49 - 30. Suppose -12*s + 11*s = -16. Suppose 2*j = -2*a + 3*a - s, -4*a + 2*j = -46. What is the remainder when h is divided by a?
9
Suppose -120 = 9*s - 3*s. Calculate the remainder when 89 is divided by (4/(s/115))/(-1).
20
Let v(l) = -4*l**3 - l**2 + l + 10. Calculate the remainder when 128 is divided by v(-2).
20
Let j(s) = 10*s - 80. What is the remainder when 96 is divided by j(9)?
6
Let g be (13/39)/((-2)/(-36)). Let s(y) = y - 19. Let x be s(g). Let p = x + 21. What is the remainder when p is divided by 4?
0
Let d = 698 + -562. Calculate the remainder when d is divided by 23.
21
Let y be (20/8 - 4)/(3/(-4)). Suppose -y*a + k + 143 - 28 = 0, -a + 53 = k. What is the remainder when a is divided by 12?
8
What is the remainder when 217 is divided by (-9)/18*(-3 + -23)?
9
Calculate the remainder when 160/440 + 1554/22 is divided by 2.
1
Calculate the remainder when 27/1 + 0/(-36) is divided by 10.
7
Suppose -3*k = -19*h + 21*h - 122, -h - 225 = -5*k. Calculate the remainder when 395 is divided by k.
43
Suppose -25 = -3*z - 2*z. Suppose -z*p + 4*r + 237 = 0, 0*r = -p + 4*r + 41. Calculate the remainder when p is divided by 19.
11
Let m(z) = -z**3 - z**2 + z - 2. Let t(s) = s**2 + 12*s + 16. Let k be t(-11). Let y = k - -18. What is the remainder when y is divided by m(-3)?
10
Suppose l + 4*g + 2 = 38, 4*l - 5*g = 123. Let b = 41 + -58. Let t = b + l. What is the remainder when t is divided by 8?
7
Let g(z) = z**3 - 5*z**2 - 7*z + 13. Let s = 27 + -2. What is the remainder when s is divided by g(6)?
4
Let k(j) = j**2 + 9*j - 6. Suppose -5*l - 25 = w, 5*l - l = -3*w - 42. Calculate the remainder when 11 is divided by k(w).
3
Let y = 75 + -78. Let j = y + 25. Suppose 0*o - 8 = -2*o. Calculate the remainder when j is divided by o.
2
Let y = 8 + -13. Let w = 9 + y. What is the remainder when 6 - (-4 + 0/(-1)) is divided by w?
2
Suppose 44*a - 48*a = -48. Let y(m) = 6*m**3 - 1. Let p be y(1). Suppose 33 = i - o, o = p*o - a. What is the remainder when i is divided by 13?
10
Let h(a) be the first derivative of 6*a - 1/2*a**2 - 5. What is the remainder when 77 is divided by h(-14)?
17
Suppose 12*i - 666 = -25*i. Calculate the remainder when 67 is divided by i.
13
Let k = -74 + 2105. Calculate the remainder when k is divided by 113.
110
Let s = -32 + 44. Suppose 0 = k + k - 4. Suppose g - 33 = -5*v, k*v = -2 + 6. Calculate the remainder when g is divided by s.
11
Let p(o) = -2*o**2 - 17*o + 17. Let n be p(-8). What is the remainder when (-2 + n/(-4))/((-9)/48) is divided by 16?
12
Let d = -52 + 27. Let a = d - -28. Suppose 4 = a*b - 2*b. Calculate the remainder when 5 is divided by b.
1
Let p be 2/(-1 + 1 + 1). Let f(r) = 7*r - 6. Let o be f(5). Let k = o + p. What is the remainder when k is divided by 11?
9
Let p(h) = -h**2. Let m(d) = -13*d**2 + 7*d + 8. Let z(g) = -m(g) + 6*p(g). Calculate the remainder when z(-4) is divided by 34.
30
Let p(z) = -z**3 - 6*z**2 + 5*z + 5. What is the remainder when 341 is divided by p(-7)?
18
Let z = 1006 - 971. What is the remainder when z is divided by 19/2 + 2/4?
5
Let t = -12 - -14. Suppose -3*b + t*b + 8 = 0. What is the remainder when 54 is divided by b?
6
Let z(v) = -v**3 - 20*v**2 - 21*v + 1. Let j be z(-19). Suppose -h - 2*p = -36, 0 = h + 8*p - 3*p - j. Calculate the remainder when 98 is divided by h.
30
Suppose 34*d - 32*d = -16. Let u(q) = -6*q + 11. What is the remainder when u(d) is divided by 15?
14
Let l = -253 + 133. Let b = l + 135. Calculate the remainder when b is divided by 8.
7
Let h = -2175 - -2229. What is the remainder when h is divided by 47?
7
Suppose -1515 = -7*m - 220. Calculate the remainder when m is divided by 17.
15
Let c(i) be the first derivative of -3*i**2 + i + 2. Let y(u) = -u**3 - 9*u - 18. What is the remainder when c(-5) is divided by y(-2)?
7
Suppose 30*k - 32*k = -184. What is the remainder when k is divided by 48?
44
Suppose 0 = 2*s - 3 - 33. Suppose 5*t - 16 = 3*u + 9, 0 = t + 4*u + s. Suppose 0 = t*x - 0*x - 84. What is the rem